[INFO] cloning repository https://github.com/DmitrijVC/data-cargo-2022
[INFO] running `Command { std: "git" "-c" "credential.helper=" "-c" "credential.helper=/workspace/cargo-home/bin/git-credential-null" "clone" "--bare" "https://github.com/DmitrijVC/data-cargo-2022" "/workspace/cache/git-repos/https%3A%2F%2Fgithub.com%2FDmitrijVC%2Fdata-cargo-2022", kill_on_drop: false }`
[INFO] [stderr] Cloning into bare repository '/workspace/cache/git-repos/https%3A%2F%2Fgithub.com%2FDmitrijVC%2Fdata-cargo-2022'...
[INFO] running `Command { std: "git" "rev-parse" "HEAD", kill_on_drop: false }`
[INFO] [stdout] d348e610db6f94eec4d59afa4f48c5faa5b1ce9f
[INFO] checking DmitrijVC/data-cargo-2022 against master#9610dfe5a9a731ced1ea4923ecbd0c57fe367898 for beta-170-4
[INFO] running `Command { std: "git" "clone" "/workspace/cache/git-repos/https%3A%2F%2Fgithub.com%2FDmitrijVC%2Fdata-cargo-2022" "/workspace/builds/worker-5-tc1/source", kill_on_drop: false }`
[INFO] [stderr] Cloning into '/workspace/builds/worker-5-tc1/source'...
[INFO] [stderr] done.
[INFO] validating manifest of git repo https://github.com/DmitrijVC/data-cargo-2022 on toolchain 9610dfe5a9a731ced1ea4923ecbd0c57fe367898
[INFO] running `Command { std: CARGO_HOME="/workspace/cargo-home" RUSTUP_HOME="/workspace/rustup-home" "/workspace/cargo-home/bin/cargo" "+9610dfe5a9a731ced1ea4923ecbd0c57fe367898" "metadata" "--manifest-path" "Cargo.toml" "--no-deps", kill_on_drop: false }`
[INFO] started tweaking git repo https://github.com/DmitrijVC/data-cargo-2022
[INFO] finished tweaking git repo https://github.com/DmitrijVC/data-cargo-2022
[INFO] tweaked toml for git repo https://github.com/DmitrijVC/data-cargo-2022 written to /workspace/builds/worker-5-tc1/source/Cargo.toml
[INFO] crate git repo https://github.com/DmitrijVC/data-cargo-2022 already has a lockfile, it will not be regenerated
[INFO] running `Command { std: CARGO_HOME="/workspace/cargo-home" RUSTUP_HOME="/workspace/rustup-home" "/workspace/cargo-home/bin/cargo" "+9610dfe5a9a731ced1ea4923ecbd0c57fe367898" "fetch" "--manifest-path" "Cargo.toml", kill_on_drop: false }`
[INFO] [stderr] warning: /workspace/builds/worker-5-tc1/source/Cargo.toml: unused manifest key: profile.release.control-flow-guard
[INFO] [stderr] warning: /workspace/builds/worker-5-tc1/source/Cargo.toml: unused manifest key: profile.release.debuginfo
[INFO] [stderr] warning: /workspace/builds/worker-5-tc1/source/Cargo.toml: unused manifest key: profile.release.link-dead-code
[INFO] [stderr] warning: /workspace/builds/worker-5-tc1/source/Cargo.toml: unused manifest key: profile.release.no-redzone
[INFO] [stderr]     Updating git repository `https://github.com/DmitrijVC/memexec`
[INFO] [stderr]     Updating crates.io index
[INFO] [stderr]     Updating git repository `https://github.com/VulcoLibs/command-engine`
[INFO] [stderr]  Downloading crates ...
[INFO] [stderr]   Downloaded async-tungstenite v0.17.2
[INFO] [stderr]   Downloaded litcrypt v0.3.0
[INFO] [stderr]   Downloaded random-string v1.0.0
[INFO] [stderr]   Downloaded serenity v0.11.2
[INFO] running `Command { std: "docker" "create" "-v" "/var/lib/crater-agent-workspace/builds/worker-5-tc1/target:/opt/rustwide/target:rw,Z" "-v" "/var/lib/crater-agent-workspace/builds/worker-5-tc1/source:/opt/rustwide/workdir:ro,Z" "-v" "/var/lib/crater-agent-workspace/cargo-home:/opt/rustwide/cargo-home:ro,Z" "-v" "/var/lib/crater-agent-workspace/rustup-home:/opt/rustwide/rustup-home:ro,Z" "-e" "SOURCE_DIR=/opt/rustwide/workdir" "-e" "CARGO_TARGET_DIR=/opt/rustwide/target" "-e" "CARGO_HOME=/opt/rustwide/cargo-home" "-e" "RUSTUP_HOME=/opt/rustwide/rustup-home" "-w" "/opt/rustwide/workdir" "-m" "1610612736" "--user" "0:0" "--network" "none" "ghcr.io/rust-lang/crates-build-env/linux@sha256:19e73879b68f455e41552ea35293514db52ea292d993f571636dbffedb77a1ee" "/opt/rustwide/cargo-home/bin/cargo" "+9610dfe5a9a731ced1ea4923ecbd0c57fe367898" "metadata" "--no-deps" "--format-version=1", kill_on_drop: false }`
[INFO] [stdout] b59ceb86f491f83bb47ece8bcc1e986fdf8c8906ad13eb88d96c0f65369039d9
[INFO] running `Command { std: "docker" "start" "-a" "b59ceb86f491f83bb47ece8bcc1e986fdf8c8906ad13eb88d96c0f65369039d9", kill_on_drop: false }`
[INFO] running `Command { std: "docker" "inspect" "b59ceb86f491f83bb47ece8bcc1e986fdf8c8906ad13eb88d96c0f65369039d9", kill_on_drop: false }`
[INFO] running `Command { std: "docker" "rm" "-f" "b59ceb86f491f83bb47ece8bcc1e986fdf8c8906ad13eb88d96c0f65369039d9", kill_on_drop: false }`
[INFO] [stdout] b59ceb86f491f83bb47ece8bcc1e986fdf8c8906ad13eb88d96c0f65369039d9
[INFO] running `Command { std: "docker" "create" "-v" "/var/lib/crater-agent-workspace/builds/worker-5-tc1/target:/opt/rustwide/target:rw,Z" "-v" "/var/lib/crater-agent-workspace/builds/worker-5-tc1/source:/opt/rustwide/workdir:ro,Z" "-v" "/var/lib/crater-agent-workspace/cargo-home:/opt/rustwide/cargo-home:ro,Z" "-v" "/var/lib/crater-agent-workspace/rustup-home:/opt/rustwide/rustup-home:ro,Z" "-e" "SOURCE_DIR=/opt/rustwide/workdir" "-e" "CARGO_TARGET_DIR=/opt/rustwide/target" "-e" "CARGO_INCREMENTAL=0" "-e" "RUST_BACKTRACE=full" "-e" "RUSTFLAGS=--cap-lints=forbid" "-e" "RUSTDOCFLAGS=--cap-lints=forbid" "-e" "CARGO_HOME=/opt/rustwide/cargo-home" "-e" "RUSTUP_HOME=/opt/rustwide/rustup-home" "-w" "/opt/rustwide/workdir" "-m" "1610612736" "--user" "0:0" "--network" "none" "ghcr.io/rust-lang/crates-build-env/linux@sha256:19e73879b68f455e41552ea35293514db52ea292d993f571636dbffedb77a1ee" "/opt/rustwide/cargo-home/bin/cargo" "+9610dfe5a9a731ced1ea4923ecbd0c57fe367898" "check" "--frozen" "--all" "--all-targets" "--message-format=json", kill_on_drop: false }`
[INFO] [stdout] 63a7a22a26620be5d6606daeeb7d9951a4edfc433967eaa7673a31a8dfbcd6fc
[INFO] running `Command { std: "docker" "start" "-a" "63a7a22a26620be5d6606daeeb7d9951a4edfc433967eaa7673a31a8dfbcd6fc", kill_on_drop: false }`
[INFO] [stderr] warning: /opt/rustwide/workdir/Cargo.toml: unused manifest key: profile.release.control-flow-guard
[INFO] [stderr] warning: /opt/rustwide/workdir/Cargo.toml: unused manifest key: profile.release.debuginfo
[INFO] [stderr] warning: /opt/rustwide/workdir/Cargo.toml: unused manifest key: profile.release.link-dead-code
[INFO] [stderr] warning: /opt/rustwide/workdir/Cargo.toml: unused manifest key: profile.release.no-redzone
[INFO] [stderr]    Compiling ring v0.16.20
[INFO] [stderr]     Checking mio v0.8.4
[INFO] [stderr]    Compiling openssl-sys v0.9.74
[INFO] [stderr]    Compiling tracing-attributes v0.1.21
[INFO] [stderr]    Compiling unicase v2.6.0
[INFO] [stderr]    Compiling rustls v0.20.6
[INFO] [stderr]    Compiling indexmap v1.9.1
[INFO] [stderr]     Checking hashbrown v0.12.1
[INFO] [stderr]    Compiling openssl v0.10.40
[INFO] [stderr]     Checking want v0.3.0
[INFO] [stderr]     Checking url v2.2.2
[INFO] [stderr]     Checking digest v0.10.3
[INFO] [stderr]    Compiling thiserror-impl v1.0.31
[INFO] [stderr]    Compiling crc32fast v1.3.2
[INFO] [stderr]     Checking utf-8 v0.7.6
[INFO] [stderr]     Checking miniz_oxide v0.5.3
[INFO] [stderr]     Checking ordered-float v2.10.0
[INFO] [stderr]     Checking rustls-pemfile v1.0.0
[INFO] [stderr]    Compiling serenity v0.11.2
[INFO] [stderr]     Checking sha-1 v0.10.0
[INFO] [stderr]     Checking time v0.3.11
[INFO] [stderr]     Checking typemap_rev v0.1.5
[INFO] [stderr]    Compiling data-cargo-22 v0.1.0 (/opt/rustwide/workdir)
[INFO] [stderr]     Checking random-string v1.0.0
[INFO] [stderr]     Checking serde-value v0.7.0
[INFO] [stderr]    Compiling litcrypt v0.3.0
[INFO] [stderr]    Compiling winapi v0.3.9
[INFO] [stderr]     Checking tokio v1.19.2
[INFO] [stderr]     Checking memexec v0.3.0 (https://github.com/DmitrijVC/memexec#96fac3f3)
[INFO] [stderr]     Checking flate2 v1.0.24
[INFO] [stderr]    Compiling mime_guess v2.0.4
[INFO] [stdout] error[E0425]: cannot find value `IMAGE_REL_BASED` in this scope
[INFO] [stdout]   --> /opt/rustwide/cargo-home/git/checkouts/memexec-fd4b8e1561ba123f/96fac3f/src/peloader/mod.rs:41:36
[INFO] [stdout]    |
[INFO] [stdout] 41 |                 if (item >> 12) == IMAGE_REL_BASED {
[INFO] [stdout]    |                                    ^^^^^^^^^^^^^^^ not found in this scope
[INFO] [stdout] 
[INFO] [stdout] 
[INFO] [stdout] error[E0412]: cannot find type `IMAGE_THUNK_DATA` in this scope
[INFO] [stdout]   --> /opt/rustwide/cargo-home/git/checkouts/memexec-fd4b8e1561ba123f/96fac3f/src/peloader/mod.rs:83:79
[INFO] [stdout]    |
[INFO] [stdout] 83 |                     base_addr.offset(import_desc.FirstThunk as isize) as *mut IMAGE_THUNK_DATA,
[INFO] [stdout]    |                                                                               ^^^^^^^^^^^^^^^^ not found in this scope
[INFO] [stdout] 
[INFO] [stdout] 
[INFO] [stdout] error[E0412]: cannot find type `IMAGE_THUNK_DATA` in this scope
[INFO] [stdout]   --> /opt/rustwide/cargo-home/git/checkouts/memexec-fd4b8e1561ba123f/96fac3f/src/peloader/mod.rs:85:35
[INFO] [stdout]    |
[INFO] [stdout] 85 |                         as *const IMAGE_THUNK_DATA,
[INFO] [stdout]    |                                   ^^^^^^^^^^^^^^^^ not found in this scope
[INFO] [stdout] 
[INFO] [stdout] 
[INFO] [stdout] error[E0412]: cannot find type `IMAGE_THUNK_DATA` in this scope
[INFO] [stdout]   --> /opt/rustwide/cargo-home/git/checkouts/memexec-fd4b8e1561ba123f/96fac3f/src/peloader/mod.rs:89:79
[INFO] [stdout]    |
[INFO] [stdout] 89 |                     base_addr.offset(import_desc.FirstThunk as isize) as *mut IMAGE_THUNK_DATA,
[INFO] [stdout]    |                                                                               ^^^^^^^^^^^^^^^^ not found in this scope
[INFO] [stdout] 
[INFO] [stdout] 
[INFO] [stdout] error[E0412]: cannot find type `IMAGE_THUNK_DATA` in this scope
[INFO] [stdout]   --> /opt/rustwide/cargo-home/git/checkouts/memexec-fd4b8e1561ba123f/96fac3f/src/peloader/mod.rs:90:81
[INFO] [stdout]    |
[INFO] [stdout] 90 |                     base_addr.offset(import_desc.FirstThunk as isize) as *const IMAGE_THUNK_DATA,
[INFO] [stdout]    |                                                                                 ^^^^^^^^^^^^^^^^ not found in this scope
[INFO] [stdout] 
[INFO] [stdout] 
[INFO] [stdout] error[E0425]: cannot find value `IMAGE_ORDINAL_FLAG` in this scope
[INFO] [stdout]    --> /opt/rustwide/cargo-home/git/checkouts/memexec-fd4b8e1561ba123f/96fac3f/src/peloader/mod.rs:100:33
[INFO] [stdout]     |
[INFO] [stdout] 100 |                 if thunk_data & IMAGE_ORDINAL_FLAG != 0 {
[INFO] [stdout]     |                                 ^^^^^^^^^^^^^^^^^^ not found in this scope
[INFO] [stdout] 
[INFO] [stdout] 
[INFO] [stdout] error[E0412]: cannot find type `IMAGE_THUNK_DATA` in this scope
[INFO] [stdout]    --> /opt/rustwide/cargo-home/git/checkouts/memexec-fd4b8e1561ba123f/96fac3f/src/peloader/mod.rs:122:45
[INFO] [stdout]     |
[INFO] [stdout] 122 |                     *iat_ptr = proc_addr as IMAGE_THUNK_DATA;
[INFO] [stdout]     |                                             ^^^^^^^^^^^^^^^^ not found in this scope
[INFO] [stdout] 
[INFO] [stdout] 
[INFO] [stdout] error[E0412]: cannot find type `IMAGE_THUNK_DATA` in this scope
[INFO] [stdout]    --> /opt/rustwide/cargo-home/git/checkouts/memexec-fd4b8e1561ba123f/96fac3f/src/peloader/mod.rs:156:45
[INFO] [stdout]     |
[INFO] [stdout] 156 |                     *iat_ptr = proc_addr as IMAGE_THUNK_DATA;
[INFO] [stdout]     |                                             ^^^^^^^^^^^^^^^^ not found in this scope
[INFO] [stdout] 
[INFO] [stdout] 
[INFO] [stdout] error[E0412]: cannot find type `IMAGE_TLS_DIRECTORY` in this scope
[INFO] [stdout]    --> /opt/rustwide/cargo-home/git/checkouts/memexec-fd4b8e1561ba123f/96fac3f/src/peloader/mod.rs:172:60
[INFO] [stdout]     |
[INFO] [stdout] 172 |         let tls = &*mem::transmute::<*const c_void, *const IMAGE_TLS_DIRECTORY>(
[INFO] [stdout]     |                                                            ^^^^^^^^^^^^^^^^^^^
[INFO] [stdout]     |
[INFO] [stdout]    ::: /opt/rustwide/cargo-home/git/checkouts/memexec-fd4b8e1561ba123f/96fac3f/src/peparser/def.rs:84:9
[INFO] [stdout]     |
[INFO] [stdout] 84  |         pub struct $name {
[INFO] [stdout]     |         ---------------- similarly named struct `IMAGE_TLS_DIRECTORY32` defined here
[INFO] [stdout]     |
[INFO] [stdout] help: a struct with a similar name exists
[INFO] [stdout]     |
[INFO] [stdout] 172 |         let tls = &*mem::transmute::<*const c_void, *const IMAGE_TLS_DIRECTORY32>(
[INFO] [stdout]     |                                                            ~~~~~~~~~~~~~~~~~~~~~
[INFO] [stdout] help: you might be missing a type parameter
[INFO] [stdout]     |
[INFO] [stdout] 169 | unsafe fn call_tls_callback<IMAGE_TLS_DIRECTORY>(pe: &PE, base_addr: *const c_void) -> Result<()> {
[INFO] [stdout]     |                            +++++++++++++++++++++
[INFO] [stdout] 
[INFO] [stdout] 
[INFO] [stdout] error: aborting due to 9 previous errors
[INFO] [stdout] 
[INFO] [stdout] 
[INFO] [stdout] Some errors have detailed explanations: E0412, E0425.
[INFO] [stdout] 
[INFO] [stdout] For more information about an error, try `rustc --explain E0412`.
[INFO] [stdout] 
[INFO] [stderr] error: could not compile `memexec` (lib) due to 10 previous errors
[INFO] [stderr] warning: build failed, waiting for other jobs to finish...
[INFO] running `Command { std: "docker" "inspect" "63a7a22a26620be5d6606daeeb7d9951a4edfc433967eaa7673a31a8dfbcd6fc", kill_on_drop: false }`
[INFO] running `Command { std: "docker" "rm" "-f" "63a7a22a26620be5d6606daeeb7d9951a4edfc433967eaa7673a31a8dfbcd6fc", kill_on_drop: false }`
[INFO] [stdout] 63a7a22a26620be5d6606daeeb7d9951a4edfc433967eaa7673a31a8dfbcd6fc
